{"id":1132,"date":"2021-03-15T11:21:16","date_gmt":"2021-03-15T11:21:16","guid":{"rendered":"https:\/\/startertemplatecloud.com\/g10\/?page_id=1132"},"modified":"2025-03-30T18:55:44","modified_gmt":"2025-03-30T16:55:44","slug":"contact","status":"publish","type":"page","link":"https:\/\/polskiebarwy.pl\/?page_id=1132","title":{"rendered":"Kontakt"},"content":{"rendered":"<style>.kb-row-layout-wrap.wp-block-kadence-rowlayout.kb-row-layout-id1132_9eacd3-63{margin-top:0px;margin-bottom:0px;}.kb-row-layout-id1132_9eacd3-63 > .kt-row-column-wrap{align-content:end;}:where(.kb-row-layout-id1132_9eacd3-63 > .kt-row-column-wrap) > .wp-block-kadence-column{justify-content:end;}.kb-row-layout-id1132_9eacd3-63 > .kt-row-column-wrap{column-gap:var(--global-kb-gap-none, 0rem );row-gap:var(--global-kb-gap-none, 0rem );max-width:1242px;margin-left:auto;margin-right:auto;padding-top:0px;padding-right:0px;padding-bottom:0px;padding-left:0px;min-height:400px;grid-template-columns:repeat(2, minmax(0, 1fr));}.kb-row-layout-id1132_9eacd3-63 > .kt-row-layout-overlay{opacity:1;background-color:rgba(30, 45, 64, 0.3);}@media all and (max-width: 1024px){.kb-row-layout-id1132_9eacd3-63 > .kt-row-column-wrap{padding-right:100px;padding-left:100px;grid-template-columns:repeat(2, minmax(0, 1fr));}}@media all and (max-width: 767px){.kb-row-layout-id1132_9eacd3-63 > .kt-row-column-wrap{padding-top:0px;padding-right:30px;padding-bottom:0px;padding-left:30px;grid-template-columns:minmax(0, 1fr);}.kb-row-layout-id1132_9eacd3-63 > .kt-row-column-wrap > .wp-block-kadence-column:nth-of-type(1){order:2;}.kb-row-layout-id1132_9eacd3-63 > .kt-row-column-wrap > .wp-block-kadence-column:nth-of-type(2){order:1;}.kb-row-layout-id1132_9eacd3-63 > .kt-row-column-wrap > .wp-block-kadence-column:nth-of-type(3){order:12;}.kb-row-layout-id1132_9eacd3-63 > .kt-row-column-wrap > .wp-block-kadence-column:nth-of-type(4){order:11;}.kb-row-layout-id1132_9eacd3-63 > .kt-row-column-wrap > .wp-block-kadence-column:nth-of-type(5){order:22;}.kb-row-layout-id1132_9eacd3-63 > .kt-row-column-wrap > .wp-block-kadence-column:nth-of-type(6){order:21;}.kb-row-layout-id1132_9eacd3-63 > .kt-row-column-wrap > .wp-block-kadence-column:nth-of-type(7){order:32;}.kb-row-layout-id1132_9eacd3-63 > .kt-row-column-wrap > .wp-block-kadence-column:nth-of-type(8){order:31;}}<\/style><div class=\"kb-row-layout-wrap kb-row-layout-id1132_9eacd3-63 alignnone has-theme-palette3-background-color kt-row-has-bg wp-block-kadence-rowlayout\"><div class=\"kt-row-layout-overlay kt-row-overlay-normal\"><\/div><div class=\"kt-row-column-wrap kt-has-2-columns kt-row-layout-equal kt-tab-layout-equal kt-mobile-layout-row kt-row-valign-bottom\">\n<style>.kadence-column1132_545ffb-43 > .kt-inside-inner-col{padding-top:0px;padding-right:0px;padding-bottom:0px;padding-left:30px;}.kadence-column1132_545ffb-43 > .kt-inside-inner-col,.kadence-column1132_545ffb-43 > .kt-inside-inner-col:before{border-top-left-radius:0px;border-top-right-radius:0px;border-bottom-right-radius:0px;border-bottom-left-radius:0px;}.kadence-column1132_545ffb-43 > .kt-inside-inner-col{column-gap:var(--global-kb-gap-sm, 1rem);}.kadence-column1132_545ffb-43 > .kt-inside-inner-col{flex-direction:column;}.kadence-column1132_545ffb-43 > .kt-inside-inner-col > .aligncenter{width:100%;}.kadence-column1132_545ffb-43 > .kt-inside-inner-col:before{opacity:0.3;}.kadence-column1132_545ffb-43{position:relative;}@media all and (max-width: 1024px){.kadence-column1132_545ffb-43 > .kt-inside-inner-col{flex-direction:column;}}@media all and (max-width: 767px){.kadence-column1132_545ffb-43 > .kt-inside-inner-col{padding-top:0px;padding-right:0px;padding-bottom:0px;padding-left:0px;flex-direction:column;}}<\/style>\n<div class=\"wp-block-kadence-column kadence-column1132_545ffb-43 inner-column-1\"><div class=\"kt-inside-inner-col\"><style>.wp-block-kadence-advancedheading.kt-adv-heading1132_f11291-22, .wp-block-kadence-advancedheading.kt-adv-heading1132_f11291-22[data-kb-block=\"kb-adv-heading1132_f11291-22\"]{padding-bottom:20px;line-height:65px;font-style:normal;}.wp-block-kadence-advancedheading.kt-adv-heading1132_f11291-22 mark.kt-highlight, .wp-block-kadence-advancedheading.kt-adv-heading1132_f11291-22[data-kb-block=\"kb-adv-heading1132_f11291-22\"] mark.kt-highlight{font-style:normal;color:#f76a0c;-webkit-box-decoration-break:clone;box-decoration-break:clone;padding-top:0px;padding-right:0px;padding-bottom:0px;padding-left:0px;}<\/style>\n<h1 class=\"kt-adv-heading1132_f11291-22 wp-block-kadence-advancedheading has-theme-palette-9-color has-text-color\" data-kb-block=\"kb-adv-heading1132_f11291-22\">Kontakt<\/h1>\n<\/div><\/div>\n\n\n<style>.kadence-column1132_368a76-7e > .kt-inside-inner-col,.kadence-column1132_368a76-7e > .kt-inside-inner-col:before{border-top-left-radius:0px;border-top-right-radius:0px;border-bottom-right-radius:0px;border-bottom-left-radius:0px;}.kadence-column1132_368a76-7e > .kt-inside-inner-col{column-gap:var(--global-kb-gap-sm, 1rem);}.kadence-column1132_368a76-7e > .kt-inside-inner-col{flex-direction:column;}.kadence-column1132_368a76-7e > .kt-inside-inner-col > .aligncenter{width:100%;}.kadence-column1132_368a76-7e > .kt-inside-inner-col:before{opacity:0.3;}.kadence-column1132_368a76-7e{position:relative;}@media all and (max-width: 1024px){.kadence-column1132_368a76-7e > .kt-inside-inner-col{flex-direction:column;}}@media all and (max-width: 767px){.kadence-column1132_368a76-7e > .kt-inside-inner-col{flex-direction:column;}}<\/style>\n<div class=\"wp-block-kadence-column kadence-column1132_368a76-7e inner-column-2\"><div class=\"kt-inside-inner-col\"><\/div><\/div>\n\n<\/div><\/div>\n\n<style>.kb-row-layout-wrap.wp-block-kadence-rowlayout.kb-row-layout-id1132_39d067-57{margin-top:0px;margin-bottom:0px;}.kb-row-layout-id1132_39d067-57 > .kt-row-column-wrap{align-content:start;}:where(.kb-row-layout-id1132_39d067-57 > .kt-row-column-wrap) > .wp-block-kadence-column{justify-content:start;}.kb-row-layout-id1132_39d067-57 > .kt-row-column-wrap{column-gap:var(--global-kb-gap-none, 0rem );row-gap:var(--global-kb-gap-none, 0rem );max-width:1242px;margin-left:auto;margin-right:auto;padding-top:0px;padding-right:0px;padding-bottom:60px;padding-left:0px;grid-template-columns:repeat(2, minmax(0, 1fr));}.kb-row-layout-id1132_39d067-57 > .kt-row-layout-overlay{opacity:0.30;}@media all and (max-width: 1024px){.kb-row-layout-wrap.wp-block-kadence-rowlayout.kb-row-layout-id1132_39d067-57{margin-top:60px;margin-bottom:0px;}}@media all and (max-width: 1024px){.kb-row-layout-id1132_39d067-57 > .kt-row-column-wrap{padding-top:0px;padding-right:100px;padding-bottom:0px;padding-left:100px;grid-template-columns:minmax(0, 1fr);}}@media all and (max-width: 767px){.kb-row-layout-wrap.wp-block-kadence-rowlayout.kb-row-layout-id1132_39d067-57{margin-top:60px;margin-bottom:0px;}.kb-row-layout-id1132_39d067-57 > .kt-row-column-wrap{padding-right:30px;padding-left:30px;grid-template-columns:minmax(0, 1fr);}}<\/style><div class=\"kb-row-layout-wrap kb-row-layout-id1132_39d067-57 alignnone wp-block-kadence-rowlayout\"><div class=\"kt-row-column-wrap kt-has-2-columns kt-row-layout-equal kt-tab-layout-row kt-mobile-layout-row kt-row-valign-top\">\n<style>.kadence-column1132_215093-7b > .kt-inside-inner-col{padding-top:60px;padding-right:40px;padding-bottom:40px;padding-left:40px;}.kadence-column1132_215093-7b > .kt-inside-inner-col,.kadence-column1132_215093-7b > .kt-inside-inner-col:before{border-top-left-radius:0px;border-top-right-radius:0px;border-bottom-right-radius:0px;border-bottom-left-radius:0px;}.kadence-column1132_215093-7b > .kt-inside-inner-col{column-gap:var(--global-kb-gap-sm, 1rem);}.kadence-column1132_215093-7b > .kt-inside-inner-col{flex-direction:column;}.kadence-column1132_215093-7b > .kt-inside-inner-col > .aligncenter{width:100%;}.kadence-column1132_215093-7b > .kt-inside-inner-col:before{opacity:0.3;}.kadence-column1132_215093-7b{position:relative;}@media all and (max-width: 1024px){.kadence-column1132_215093-7b > .kt-inside-inner-col{flex-direction:column;}}@media all and (max-width: 767px){.kadence-column1132_215093-7b > .kt-inside-inner-col{padding-top:0px;padding-right:0px;padding-bottom:0px;padding-left:0px;flex-direction:column;}.kadence-column1132_215093-7b, .kt-inside-inner-col > .kadence-column1132_215093-7b:not(.specificity){margin-top:0px;margin-right:0px;margin-bottom:0px;margin-left:0px;}}<\/style>\n<div class=\"wp-block-kadence-column kadence-column1132_215093-7b inner-column-1\"><div class=\"kt-inside-inner-col\"><style>.wp-block-kadence-advancedheading.kt-adv-heading1132_13e04a-5f, .wp-block-kadence-advancedheading.kt-adv-heading1132_13e04a-5f[data-kb-block=\"kb-adv-heading1132_13e04a-5f\"]{margin-bottom:28px;line-height:16px;font-style:normal;}.wp-block-kadence-advancedheading.kt-adv-heading1132_13e04a-5f mark.kt-highlight, .wp-block-kadence-advancedheading.kt-adv-heading1132_13e04a-5f[data-kb-block=\"kb-adv-heading1132_13e04a-5f\"] mark.kt-highlight{font-style:normal;color:#f76a0c;-webkit-box-decoration-break:clone;box-decoration-break:clone;padding-top:0px;padding-right:0px;padding-bottom:0px;padding-left:0px;}<\/style>\n<h5 class=\"kt-adv-heading1132_13e04a-5f wp-block-kadence-advancedheading has-theme-palette-6-color has-text-color\" data-kb-block=\"kb-adv-heading1132_13e04a-5f\"><\/h5>\n\n\n<style>.wp-block-kadence-advancedheading.kt-adv-heading1132_bbf986-3c, .wp-block-kadence-advancedheading.kt-adv-heading1132_bbf986-3c[data-kb-block=\"kb-adv-heading1132_bbf986-3c\"]{margin-bottom:40px;font-size:40px;line-height:1.3em;font-weight:600;font-style:normal;}.wp-block-kadence-advancedheading.kt-adv-heading1132_bbf986-3c mark.kt-highlight, .wp-block-kadence-advancedheading.kt-adv-heading1132_bbf986-3c[data-kb-block=\"kb-adv-heading1132_bbf986-3c\"] mark.kt-highlight{font-style:normal;color:#f76a0c;-webkit-box-decoration-break:clone;box-decoration-break:clone;padding-top:0px;padding-right:0px;padding-bottom:0px;padding-left:0px;}@media all and (max-width: 767px){.wp-block-kadence-advancedheading.kt-adv-heading1132_bbf986-3c, .wp-block-kadence-advancedheading.kt-adv-heading1132_bbf986-3c[data-kb-block=\"kb-adv-heading1132_bbf986-3c\"]{font-size:25px;}}<\/style>\n<h3 class=\"kt-adv-heading1132_bbf986-3c wp-block-kadence-advancedheading\" data-kb-block=\"kb-adv-heading1132_bbf986-3c\">Zapraszamy do kontaktu <\/h3>\n\n\n<style>.wp-block-kadence-advancedheading.kt-adv-heading1132_32af09-7d, .wp-block-kadence-advancedheading.kt-adv-heading1132_32af09-7d[data-kb-block=\"kb-adv-heading1132_32af09-7d\"]{font-size:var(--global-kb-font-size-md, 1.25rem);font-style:normal;}.wp-block-kadence-advancedheading.kt-adv-heading1132_32af09-7d mark.kt-highlight, .wp-block-kadence-advancedheading.kt-adv-heading1132_32af09-7d[data-kb-block=\"kb-adv-heading1132_32af09-7d\"] mark.kt-highlight{font-style:normal;color:#f76a0c;-webkit-box-decoration-break:clone;box-decoration-break:clone;padding-top:0px;padding-right:0px;padding-bottom:0px;padding-left:0px;}<\/style>\n<p class=\"kt-adv-heading1132_32af09-7d wp-block-kadence-advancedheading\" data-kb-block=\"kb-adv-heading1132_32af09-7d\"><strong>Ul. Polska 19e\/9  Warszawa<\/strong><\/p>\n\n\n\n<p class=\"has-medium-font-size\"><strong>Tel; 690 433 087<\/strong><\/p>\n\n\n\n<p><strong>Mail:  biuro@polskiebarwy.pl<\/strong><\/p>\n\n\n<style>.wp-block-kadence-advancedheading.kt-adv-heading1132_4486ba-84, .wp-block-kadence-advancedheading.kt-adv-heading1132_4486ba-84[data-kb-block=\"kb-adv-heading1132_4486ba-84\"]{font-style:normal;}.wp-block-kadence-advancedheading.kt-adv-heading1132_4486ba-84 mark.kt-highlight, .wp-block-kadence-advancedheading.kt-adv-heading1132_4486ba-84[data-kb-block=\"kb-adv-heading1132_4486ba-84\"] mark.kt-highlight{font-style:normal;color:#f76a0c;-webkit-box-decoration-break:clone;box-decoration-break:clone;padding-top:0px;padding-right:0px;padding-bottom:0px;padding-left:0px;}<\/style>\n<p class=\"kt-adv-heading1132_4486ba-84 wp-block-kadence-advancedheading\" data-kb-block=\"kb-adv-heading1132_4486ba-84\"><br><\/p>\n<\/div><\/div>\n\n\n<style>.kadence-column1132_286ce2-8e > .kt-inside-inner-col{padding-top:40px;padding-right:40px;padding-bottom:20px;padding-left:40px;}.kadence-column1132_286ce2-8e > .kt-inside-inner-col,.kadence-column1132_286ce2-8e > .kt-inside-inner-col:before{border-top-left-radius:3px;border-top-right-radius:3px;border-bottom-right-radius:3px;border-bottom-left-radius:3px;}.kadence-column1132_286ce2-8e > .kt-inside-inner-col{column-gap:var(--global-kb-gap-sm, 1rem);}.kadence-column1132_286ce2-8e > .kt-inside-inner-col{flex-direction:column;}.kadence-column1132_286ce2-8e > .kt-inside-inner-col > .aligncenter{width:100%;}.kadence-column1132_286ce2-8e > .kt-inside-inner-col{background-color:var(--global-palette7, #EDF2F7);}.kadence-column1132_286ce2-8e > .kt-inside-inner-col:before{opacity:0.3;}.kadence-column1132_286ce2-8e{position:relative;}.kadence-column1132_286ce2-8e, .kt-inside-inner-col > .kadence-column1132_286ce2-8e:not(.specificity){margin-top:-200px;margin-right:30px;margin-bottom:0px;margin-left:30px;}@media all and (max-width: 1024px){.kadence-column1132_286ce2-8e > .kt-inside-inner-col{padding-top:40px;padding-right:30px;padding-bottom:40px;padding-left:30px;flex-direction:column;}}@media all and (max-width: 1024px){.kadence-column1132_286ce2-8e, .kt-inside-inner-col > .kadence-column1132_286ce2-8e:not(.specificity){margin-top:30px;margin-right:0px;margin-bottom:40px;margin-left:0px;}}@media all and (max-width: 767px){.kadence-column1132_286ce2-8e > .kt-inside-inner-col{padding-top:30px;padding-right:20px;padding-bottom:20px;padding-left:20px;flex-direction:column;}}<\/style>\n<div class=\"wp-block-kadence-column kadence-column1132_286ce2-8e\"><div class=\"kt-inside-inner-col\"><style>.wp-block-kadence-advancedheading.kt-adv-heading1132_7f4388-06, .wp-block-kadence-advancedheading.kt-adv-heading1132_7f4388-06[data-kb-block=\"kb-adv-heading1132_7f4388-06\"]{padding-bottom:20px;margin-bottom:12px;line-height:24px;font-style:normal;}.wp-block-kadence-advancedheading.kt-adv-heading1132_7f4388-06 mark.kt-highlight, .wp-block-kadence-advancedheading.kt-adv-heading1132_7f4388-06[data-kb-block=\"kb-adv-heading1132_7f4388-06\"] mark.kt-highlight{font-style:normal;color:#f76a0c;-webkit-box-decoration-break:clone;box-decoration-break:clone;padding-top:0px;padding-right:0px;padding-bottom:0px;padding-left:0px;}<\/style>\n<h3 class=\"kt-adv-heading1132_7f4388-06 wp-block-kadence-advancedheading\" data-kb-block=\"kb-adv-heading1132_7f4388-06\"><strong>Bezp\u0142atna Konsultacja<\/strong><\/h3>\n\n\n<style>.wp-block-kadence-advancedheading.kt-adv-heading1132_3f374f-e2, .wp-block-kadence-advancedheading.kt-adv-heading1132_3f374f-e2[data-kb-block=\"kb-adv-heading1132_3f374f-e2\"]{margin-bottom:40px;line-height:31px;font-style:normal;}.wp-block-kadence-advancedheading.kt-adv-heading1132_3f374f-e2 mark.kt-highlight, .wp-block-kadence-advancedheading.kt-adv-heading1132_3f374f-e2[data-kb-block=\"kb-adv-heading1132_3f374f-e2\"] mark.kt-highlight{font-style:normal;color:#f76a0c;-webkit-box-decoration-break:clone;box-decoration-break:clone;padding-top:0px;padding-right:0px;padding-bottom:0px;padding-left:0px;}<\/style>\n<p class=\"kt-adv-heading1132_3f374f-e2 wp-block-kadence-advancedheading\" data-kb-block=\"kb-adv-heading1132_3f374f-e2\"><br>Masz pytania dotycz\u0105ce wyboru odpowiedniej flagi? Chcesz zam\u00f3wi\u0107 flag\u0119 dostosowan\u0105 do Twoich potrzeb? Skontaktuj si\u0119 z nami!<br>Doradzimy w kwestii materia\u0142\u00f3w, rozmiar\u00f3w i przeznaczenia flag, aby\u015b m\u00f3g\u0142 z dum\u0105 eksponowa\u0107 symbol narodowy. Nasze do\u015bwiadczenie i pasja do detali gwarantuj\u0105, \u017ce otrzymasz produkt najwy\u017cszej jako\u015bci.<br>Zaufaj profesjonalistom \u2013 porozmawiajmy o Twojej fladze!<\/p>\n<\/div><\/div>\n\n<\/div><\/div>\n\n<style>.kb-row-layout-wrap.wp-block-kadence-rowlayout.kb-row-layout-id1132_1e1926-73{margin-top:0px;margin-bottom:0px;}.kb-row-layout-id1132_1e1926-73 > .kt-row-column-wrap{align-content:start;}:where(.kb-row-layout-id1132_1e1926-73 > .kt-row-column-wrap) > .wp-block-kadence-column{justify-content:start;}.kb-row-layout-id1132_1e1926-73 > .kt-row-column-wrap{column-gap:var(--global-kb-gap-none, 0rem );row-gap:var(--global-kb-gap-none, 0rem );max-width:2000px;margin-left:auto;margin-right:auto;padding-top:0px;padding-right:0px;padding-bottom:0px;padding-left:0px;grid-template-columns:minmax(0, 1fr);}.kb-row-layout-id1132_1e1926-73{background-color:#1e2d40;}.kb-row-layout-id1132_1e1926-73 > .kt-row-layout-overlay{opacity:0.97;background-image:url('https:\/\/startertemplatecloud.com\/g10\/wp-content\/uploads\/sites\/5\/2021\/01\/wave_tr_bg.png');background-size:auto;background-position:center center;background-attachment:scroll;background-repeat:repeat;}@media all and (max-width: 1024px){.kb-row-layout-id1132_1e1926-73 > .kt-row-column-wrap{grid-template-columns:minmax(0, 1fr);}}@media all and (max-width: 767px){.kb-row-layout-id1132_1e1926-73 > .kt-row-column-wrap{grid-template-columns:minmax(0, 1fr);}}<\/style><div class=\"kb-row-layout-wrap kb-row-layout-id1132_1e1926-73 alignfull kt-row-has-bg wp-block-kadence-rowlayout\"><div class=\"kt-row-layout-overlay kt-row-overlay-normal\"><\/div><div class=\"kt-row-column-wrap kt-has-1-columns kt-row-layout-equal kt-tab-layout-inherit kt-mobile-layout-row kt-row-valign-top\">\n<style>.kadence-column1132_053e4d-85 > .kt-inside-inner-col,.kadence-column1132_053e4d-85 > .kt-inside-inner-col:before{border-top-left-radius:0px;border-top-right-radius:0px;border-bottom-right-radius:0px;border-bottom-left-radius:0px;}.kadence-column1132_053e4d-85 > .kt-inside-inner-col{column-gap:var(--global-kb-gap-sm, 1rem);}.kadence-column1132_053e4d-85 > .kt-inside-inner-col{flex-direction:column;}.kadence-column1132_053e4d-85 > .kt-inside-inner-col > .aligncenter{width:100%;}.kadence-column1132_053e4d-85 > .kt-inside-inner-col:before{opacity:0.3;}.kadence-column1132_053e4d-85{position:relative;}@media all and (max-width: 1024px){.kadence-column1132_053e4d-85 > .kt-inside-inner-col{flex-direction:column;}}@media all and (max-width: 767px){.kadence-column1132_053e4d-85 > .kt-inside-inner-col{flex-direction:column;}}<\/style>\n<div class=\"wp-block-kadence-column kadence-column1132_053e4d-85\"><div class=\"kt-inside-inner-col\"><\/div><\/div>\n\n<\/div><\/div>","protected":false},"excerpt":{"rendered":"<p>Kontakt Zapraszamy do kontaktu Ul. Polska 19e\/9 Warszawa Tel; 690 433 087 Mail: biuro@polskiebarwy.pl Bezp\u0142atna Konsultacja Masz pytania dotycz\u0105ce wyboru odpowiedniej flagi? Chcesz zam\u00f3wi\u0107 flag\u0119 dostosowan\u0105 do Twoich potrzeb? Skontaktuj si\u0119 z nami!Doradzimy w kwestii materia\u0142\u00f3w, rozmiar\u00f3w i przeznaczenia flag, aby\u015b m\u00f3g\u0142 z dum\u0105 eksponowa\u0107 symbol narodowy. Nasze do\u015bwiadczenie i pasja do detali gwarantuj\u0105, \u017ce&#8230;<\/p>\n","protected":false},"author":1,"featured_media":1379,"parent":0,"menu_order":0,"comment_status":"closed","ping_status":"closed","template":"","meta":{"_kadence_starter_templates_imported_post":true,"_kad_post_transparent":"","_kad_post_title":"hide","_kad_post_layout":"fullwidth","_kad_post_sidebar_id":"","_kad_post_content_style":"unboxed","_kad_post_vertical_padding":"hide","_kad_post_feature":"hide","_kad_post_feature_position":"","_kad_post_header":false,"_kad_post_footer":false,"footnotes":""},"class_list":["post-1132","page","type-page","status-publish","has-post-thumbnail","hentry"],"_links":{"self":[{"href":"https:\/\/polskiebarwy.pl\/index.php?rest_route=\/wp\/v2\/pages\/1132","targetHints":{"allow":["GET"]}}],"collection":[{"href":"https:\/\/polskiebarwy.pl\/index.php?rest_route=\/wp\/v2\/pages"}],"about":[{"href":"https:\/\/polskiebarwy.pl\/index.php?rest_route=\/wp\/v2\/types\/page"}],"author":[{"embeddable":true,"href":"https:\/\/polskiebarwy.pl\/index.php?rest_route=\/wp\/v2\/users\/1"}],"replies":[{"embeddable":true,"href":"https:\/\/polskiebarwy.pl\/index.php?rest_route=%2Fwp%2Fv2%2Fcomments&post=1132"}],"version-history":[{"count":4,"href":"https:\/\/polskiebarwy.pl\/index.php?rest_route=\/wp\/v2\/pages\/1132\/revisions"}],"predecessor-version":[{"id":1545,"href":"https:\/\/polskiebarwy.pl\/index.php?rest_route=\/wp\/v2\/pages\/1132\/revisions\/1545"}],"wp:featuredmedia":[{"embeddable":true,"href":"https:\/\/polskiebarwy.pl\/index.php?rest_route=\/wp\/v2\/media\/1379"}],"wp:attachment":[{"href":"https:\/\/polskiebarwy.pl\/index.php?rest_route=%2Fwp%2Fv2%2Fmedia&parent=1132"}],"curies":[{"name":"wp","href":"https:\/\/api.w.org\/{rel}","templated":true}]}}